Let w(x) = 7*x - 4. Let p(q) = -19*q + 11. Let u(d) = -3*p(d) - 8*w(d). What is u(4)?
3
Let z(u) = u**2 - 3*u - 7. Let i(c) = -c + 2. Let x be i(4). Let l be z(x). Let k(n) = n**2 - 5*n + 3. Calculate k(l).
-3
Let s = -7 - -9. Suppose -s*r = 2*r + 56. Let d = -14 - r. Let z(o) = o + 11. Calculate z(d).
11
Let f(y) = -2*y + 14. Let n be f(8). Let b(q) = 3*q**2 + 2*q + 1. Let v be b(n). Let c(j) = -j**3 + 9*j**2 - j + 3. Give c(v).
-6
Suppose -3*l + 54 = -3*o, 3*l = -5*o + 5*l - 78. Let k be -6*(o - -10)/(-1*6). Let m(a) = a**2 + 2*a - 4. What is m(k)?
4
Let k = -130 - -126. Let o(p) = -p**2 - 8*p - 5. Give o(k).
11
Let p(i) = -i**2 - 7888*i + 7889*i - 1 - 1 + 3*i**2. Suppose w - 16 = -0*w + 3*y, 16 = -4*w - 4*y. Let d be w/(-3) + (-10)/6. Give p(d).
4
Let r(m) = 2*m + 16. Let v be r(-7). Let u(n) = -3 + 5 - 5 + 9*n. Determine u(v).
15
Let f(n) = n**2 + 11*n. Let m be f(-12). Let z be 3 + -1*m/(-4). Let u(s) = -9 - 1 - s**2 - 4 + z - 9*s. Determine u(-6).
10
Let c(q) = q**2 - 2*q + 5. Let z(f) = -2*f**2 + 3*f - 11. Let t(o) = -5*c(o) - 2*z(o). Suppose 33 = 5*n - 22. Let i = -7 + n. Determine t(i).
-3
Let n(j) be the first derivative of j**4/4 + 5*j**3/3 + 2*j**2 - 4*j - 57. Determine n(-4).
-4
Let s(v) = -v**2 - 8*v - 24. Let n = 1760 + -1765. What is s(n)?
-9
Let m be (-86)/22 + (-23)/253. Let b(k) be the first derivative of -1/3*k**3 - 2*k**2 + 4*k + 1. Calculate b(m).
4
Let t(a) = 0*a**2 + 450 + 4*a**2 - 437 + 4*a - a**3 + 5*a**2. What is t(9)?
49
Let k(v) = v**3 + v**2 - v - 3*v + v - 3*v**3 - 2 - 2*v**2. What is k(-1)?
2
Let y(q) be the first derivative of -q - 4 - 1/3*q**3 + q**2 + 9/4*q**4. Calculate y(1).
9
Let j(p) = -2*p + 4. Let y = -16 - -21. Let r = 2 + y. Suppose i = r*i - 36. Calculate j(i).
-8
Let f(r) = -29*r**2 + 12 + 18*r**2 + 10*r**2 - 7*r. Determine f(-9).
-6
Let t(g) = g**2 + 4. Let f(r) = -2*r**3 - 6*r**2 - 3. Let s be f(-3). Determine t(s).
13
Let y(w) = -w + 6. Let i be y(4). Let p(h) = -2*h**3 - i + 2*h - h**3 + 1 + h**3 - h**2. Let o be ((-1)/(-3))/((-1)/(-3)). Calculate p(o).
-2
Let u be 10/3 + 1/(-3). Let f(z) = z**2 - 5*z + 3. Suppose -17*t = -22*t - 25. Let j(g) = 2*g**2 - 10*g + 5. Let n(b) = t*f(b) + u*j(b). Calculate n(5).
0
Let j(i) = -4*i**3 - 12*i**2 + i + 5. Let g(p) = -7*p**3 - 24*p**2 + 2*p + 10. Let a(t) = -3*g(t) + 5*j(t). Give a(-12).
7
Let d(z) = -2*z**2 + 2*z + 1. Let p be (-3)/((-9)/(-2))*36. Let x be (-54)/p + 2/(-8). Suppose 0 = 2*l - 5*v + 6, -x*l + 1 + 11 = 4*v. Calculate d(l).
-3
Let i(l) = -2*l**3 - 24*l**2 - l - 4. Let v be i(-12). Let u(x) = x**3 - 9*x**2 + 7*x + 5. Give u(v).
-3
Let b(l) be the third derivative of l**5/6 + l**4/24 - l**3/6 + l**2. Let u be (0 + 20/8)*8/20. What is b(u)?
10
Let b be -1*10/5 + 2*1. Let q be (1 - 0)/(-1) - b. Let r(i) = -5*i**2 - i - 1. Calculate r(q).
-5
Suppose -4*h + 12 = -5*j, 4*j + 10 = 3*h + 1. Suppose y + 3*t - 6 + 4 = 0, 3*t = -h*y. Let a(q) = q + 4*q - 3*q + 1. Determine a(y).
-1
Let j(c) = -11*c + 9*c + c. Give j(-3).
3
Suppose 2*k + 4*b = 4*k + 8, 0 = 2*k - 2*b. Suppose 6 = -q + k*w, -2*q + 5*w - 4 = w. Let p(y) = y**2 - 3*y + 2. Determine p(q).
0
Let g(u) = 4*u - 3*u + u + 10*u. Suppose 3*x + 2*m + 5 = 0, 7 = -x - 2*x - 4*m. What is g(x)?
-12
Let n(k) = -5*k + 53. Let r be n(10). Let t(o) = 5*o - 3. What is t(r)?
12
Let b(z) be the third derivative of -z**7/2520 - z**6/360 + z**5/40 + z**4/24 + 2*z**2. Let h(r) be the second derivative of b(r). What is h(-5)?
-12
Let h(a) = -2*a**2 - 4*a - 4. Suppose 30 = -24*p - 42. What is h(p)?
-10
Suppose -8*j = -3*j. Suppose j*z - 6 = z. Let s(r) be the second derivative of r**3/6 - 8*r. Give s(z).
-6
Suppose -1 = -2*d + 1. Let k(c) = 12*c**2 - 50 + 211 - 49 - 58 - 53. What is k(d)?
13
Let h be 23048/3870 - (-2)/45. Let p(d) = d**3 - 5*d**2 - 5*d - 2. Calculate p(h).
4
Suppose 3*n = 3 - 6. Let r be (0/((-7)/(14/(-4))))/n. Let c(z) = z**3 - 12. What is c(r)?
-12
Let w(u) = 2*u**2 - 18*u + 11. Let j = 16 - 8. Let t be w(j). Let z(h) = -h**2 - 6*h - 7. Calculate z(t).
-2
Let i(r) = 756*r**2 + 2 - r**3 - 530*r**2 - 5*r - 221*r**2. Let g(k) = -k**2 - 8*k - 3. Let u be g(-7). Determine i(u).
-2
Let r(s) = s**3 - 2*s**2 - 8*s**2 - 41*s + 20 - 4*s**2 + 53*s. Give r(13).
7
Let i(d) = -9*d - 609. Let v be i(-67). Let x(h) = -h + 13. Calculate x(v).
19
Let s(g) = 7*g**2 - 4 - 4*g**2 + 26*g - g**2. Let c be s(-13). Let h(t) be the third derivative of -t**4/12 - t**3 + t**2. What is h(c)?
2
Let z(o) = o**2 + 7*o - 3. Let a be z(-8). Let q(j) = 4*j - 1 + 1 + 2 - a*j. Let y = 9 + -6. Give q(y).
-1
Let r(q) = -q**3 + 2*q + 7*q + 4 - 6*q**2 + 1. Let x = 14 - 21. Determine r(x).
-9
Let u(g) = 2*g - 5*g + 4*g + 5*g**2 - 3*g + 14*g**2 - 1. Give u(-1).
20
Let d(x) = x**2 + x - 2. Suppose 0 = -r - 4*r - 2*p + 62, -2*r = -3*p - 21. Let q(y) = -y + 10. Let c be q(r). Determine d(c).
0
Let a(j) = -34*j**2 + 6*j + 2 + 33*j**2 - 8. Suppose -4*p + 5*n - 5 = 0, -5*p + 3 + 2 = -4*n. Give a(p).
-1
Let h(o) = o - 11. Let v(k) = 8*k - 14. Let i be v(3). Suppose 0*z = -z + i. Determine h(z).
-1
Suppose -5*i - 291 = 99. Let j be i/(-12) - (-2)/(-4). Let x(g) = g**3 - 7*g**2 + 7*g + 1. What is x(j)?
7
Let a = 8 - 5. Let i(n) = 7 + 510*n - 1013*n + 502*n. Give i(a).
4
Let t(h) = h**2 + 10*h + 4. Let o(r) = 6*r + 3. Let g(k) = -5*o(k) + 3*t(k). Give g(-2).
9
Let i(u) = 8*u - 9. Suppose 1 = 5*o - 9, 0 = -4*h + 5*o - 30. Calculate i(h).
-49
Let s(o) be the third derivative of -o**6/120 + o**5/15 - o**4/4 + 5*o**3/6 - 21*o**2 - 6*o. Calculate s(3).
-4
Let z(w) be the second derivative of -w**5/6 - w**4/24 - 4*w**2 + 27*w. Let l(k) be the first derivative of z(k). Give l(1).
-11
Let y(v) be the second derivative of v**4/6 + 13*v**3/6 - 3*v**2/2 + 18*v. Give y(-9).
42
Let w = 289 - 125. Suppose 52 = -14*f + w. Let z(r) = -r**2 + 9*r - 5. What is z(f)?
3
Let i(a) = 5*a + 3. Let d(f) = -5*f + 8. Suppose 8*v + 4 = 10*v. Let x be d(v). What is i(x)?
-7
Let s(u) = -3*u**2 - 10*u - 4. Let i(c) = 22*c**2 + 1 - 8*c**2 - 7*c**2 + 3*c - 6*c**2. Let d = -7 + 14. Let l(b) = d*i(b) + 2*s(b). Give l(-1).
-1
Let y = 51 + -99. Let x = -51 - y. Let w(h) = -3*h - 4. Determine w(x).
5
Let u = 128 + -135. Let f(y) be the third derivative of -y**4/8 - 7*y**3/6 + y**2. Determine f(u).
14
Let t(f) = -f**2 + 16*f + 13. Suppose -41 = -5*v + 44. Let h be t(v). Let w = h - 2. Let j(c) = -c**3 - 6*c**2 - c + 1. Calculate j(w).
7
Let v(p) = p**3 - 5*p**2 + p. Let m(g) = -2*g - 10 + 3 + 1. Suppose 0 = -o + 1 - 6. Let a be m(o). Give v(a).
-12
Let p(f) = -12*f - 62. Let l be p(-5). Let u(o) = -8*o + 1. Calculate u(l).
17
Let b(g) = 23*g - 5. Let r(k) = 15*k - 3. Suppose 5*o = y + 15, 4*o + 16 = -4*y + 4. Let v(u) = y*b(u) + 8*r(u). Determine v(1).
6
Let h = -67 + 71. Suppose h*o = 4*x + 28, -3*o + 6*x - x = -25. Let t(w) = -w**3 + 4*w**2 + 4. Give t(o).
-21
Let q(i) = 2*i**2 - 7*i + 7. Let u(m) = 5*m**2 - 20*m + 21. Let b(c) = 8*q(c) - 3*u(c). What is b(-6)?
5
Let y(o) = -o**3 - 6*o**2 - 6*o - 5. Let f = -365 - -361. What is y(f)?
-13
Let r(l) = 5*l + 4. Let q be (-1)/(-15) + ((-832)/(-120) - 9). Calculate r(q).
-6
Suppose 4*y - 10 = 9*y. Let k(f) = -27*f**2 + 62*f**2 + f - 33*f**2 + 2 + f**3. What is k(y)?
0
Let r(t) = 0*t + 9*t - 2*t - 2 - 5 + 2. Give r(-6).
-47
Let f(l) = -5 - l - 2 + 1. Suppose 13*g + 133 = -6*g. Determine f(g).
1
Let h(p) = 2*p**2 - 23*p + 41. Let q be h(9). Let c(s) = s**2 + 3*s + 3. What is c(q)?
7
Let r(o) = -3*o - 9. Let n be r(-5). Let s = 7 - n. Let p(c) = -c. Determine p(s).
-1
Suppose 231 = 5*r + 3*a, 3*a - 9 = 6*a. Let g = r - 47. Let w(o) = -5*o**2 - o + 2. Let z(d) = -20*d**2 - 4*d + 9. Let t(h) = 9*w(h) - 2*z(h). Calculate t(g).
-6
Let l(t) = -t**3 - 2*t**2 - 4*t - 6. Let j = 349 + -351. Give l(j).
2
Let a(u) = -5 + 3 - 2*u - 2 - u. Let x(h) = -4*h - 5. Let r(c) = 5*a(c) - 4*x(c). What is r(-2)?
-2
Let m(p) = -p**3 - 11*p**2 - 9*p - 6. Suppose -5*f = -4*j + 13 + 29, -3*f + 3*j - 24 = 0. Give m(f).
-16
Let q(g) = 2*g**2 - 8*g + 25. Let u(l) = l**2 - 12*l + 25. Let f(s) = -2*q(s) + 3*u(s). Calculate f(-21).
4
Let n(i) be the third derivative of -i**6/120 - 7*i**5/60 - i**4/3 - i**3/2 - 2*i**2 - 97. Suppose 3*o - o = 3*k - 22, 2*k = 8. Give n(o).
-13
Let s(i) = i**3 + 3*i**2 - i - 1. Let u be s(-3). Let d(r) = -6 - 19*r**2 - 7*r + 35*r**u + r**3 - 